35a9?
3a23599
In base 16, what is -1344d - 53d?
-1398a
In base 6, what is 134 - -141521432?
141522010
In base 8, what is 2 - -1457462125?
1457462127
In base 6, what is 1 + -3443503314?
-3443503313
In base 4, what is -232123200 - -213?
-232122321
In base 2, what is -1010101000000 + 1011011010011?
110010011
In base 8, what is -5033 + -142404?
-147437
In base 11, what is 3 - -a25a217?
a25a21a
In base 16, what is -1ce421d + 4?
-1ce4219
In base 11, what is 87a + 724?
14a3
In base 11, what is 960980 + 13?
960993
In base 7, what is -100 + -2032344?
-2032444
In base 3, what is 11212120 + -1100012000?
-1011022110
In base 12, what is -5 - 4a6b83b?
-4a6b844
In base 5, what is 11244 - -22420224?
22432023
In base 11, what is 82098 + 18?
82105
In base 4, what is 102330120213 - 0?
102330120213
In base 11, what is 10 + a1a38?
a1a48
In base 16, what is -63b + -180f?
-1e4a
In base 6, what is 144 - -51450425?
51451013
In base 14, what is -1 + 9bdb3d?
9bdb3c
In base 2, what is -100000001001101 + 1001000010111?
-10111000110110
In base 9, what is 58848 + -22?
58826
In base 15, what is -37 - -24312?
242ca
In base 9, what is 15387 + -558?
14728
In base 16, what is -8c947 - 110?
-8ca57
In base 10, what is -276 - -812836?
812560
In base 16, what is 78b + b46?
12d1
In base 14, what is 61552 - -145?
61697
In base 5, what is -1220331 + -214?
-1221100
In base 4, what is 3000000330 - 10?
3000000320
In base 4, what is -2 + 2133003112320?
2133003112312
In base 6, what is 5 + -155425502?
-155425453
In base 3, what is 12200112021 - -22110121?
12222222212
In base 15, what is -1ca23b25 + -5?
-1ca23b2a
In base 12, what is 1181603a + 4?
11816042
In base 5, what is 44232 - -21042304?
21142041
In base 2, what is -1101101 - -101101101011100110?
101101101001111001
In base 6, what is -221113 - 5014?
-230131
In base 14, what is 21848a8 + -1?
21848a7
In base 8, what is 452007 + -3657?
446130
In base 16, what is d95c - -190c?
f268
In base 7, what is -145 + 3136?
2661
In base 15, what is -17aa - 109d9?
-12294
In base 6, what is 1 - 344533452?
-344533451
In base 8, what is -175357 + 525?
-174632
In base 9, what is 1530 - -11344?
12874
In base 15, what is 66e - -24b8?
2b37
In base 10, what is 64131 + -2129?
62002
In base 9, what is -4 - -6401818?
6401814
In base 9, what is -2328577 + -13?
-2328601
In base 7, what is 1312452 - 2321?
1310131
In base 16, what is -c01ba + -7?
-c01c1
In base 4, what is 32022 + 311101?
1003123
In base 4, what is 103 - -1323303033?
1323303202
In base 9, what is -373 - -218772?
218388
In base 5, what is 23 + 1242221?
1242244
In base 11, what is -43 - 307169?
-307201
In base 16, what is -3eead02c - -5?
-3eead027
In base 11, what is -28a44 - -3a06?
-25039
In base 15, what is 0 - -a2a8b8?
a2a8b8
In base 9, what is -253 + -13652?
-14015
In base 12, what is 6 - 9418936?
-9418930
In base 11, what is 8527965 + 2?
8527967
In base 12, what is 17b - -45ba93?
460052
In base 14, what is -38cd4 + -22c?
-39122
In base 10, what is 475 + 9671?
10146
In base 8, what is 15130733 - -11?
15130744
In base 4, what is -11221 - 30221110?
-30232331
In base 3, what is -121200 - -120202010?
120010110
In base 16, what is -30f - -ede?
bcf
In base 15, what is -10a - -36c37e?
36c274
In base 3, what is -1 + 1111202000102?
1111202000101
In base 5, what is 3 - -1444113024?
1444113032
In base 12, what is -1477 + 53b9?
3b42
In base 4, what is -101231021222 - -100?
-101231021122
In base 13, what is 2854b866 - 5?
2854b861
In base 7, what is -646663163 - 5?
-646663201
In base 2, what is -10101000011100111101 + -100?
-10101000011101000001
In base 12, what is 1349628 + 4?
1349630
In base 4, what is 32231000131 - -2?
32231000133
In base 11, what is 97 + 41a8959?
41a8a45
In base 13, what is 3 + 5881846?
5881849
In base 4, what is -33312320230 + 3?
-33312320221
In base 7, what is -4054523 + 14?
-4054506
In base 16, what is -17 - 29ae5?
-29afc
In base 4, what is -2310 - 1111300330?
-1111303300
In base 6, what is -5515425 + 2452?
-5512533
In base 11, what is -358511 + 18?
-3584a4
In base 15, what is -95672 - 1?
-95673
In base 10, what is 10545 + -9099?
1446
In base 15, what is 77 - -764b?
76c3
In base 8, what is 5065703 - 50?
5065633
In base 3, what is 10210200200 - -2010210?
10212211110
In base 6, what is 15500043153 - 5?
15500043144
In base 5, what is -14 + -2002003014?
-2002003033
In base 15, what is a076 - -26?
a09c
In base 15, what is 54c + 136e9?
13c46
In base 4, what is 10021 - -1100112021?
1100122102
In base 5, what is 33 - 3142144?
-3142111
In base 11, what is -218175 + 195?
-217a90
In base 6, what is 5303 - -11532?
21235
In base 9, what is 51 - -35231?
35282
In base 10, what is -987 - -84813?
83826
In base 10, what is -4 + -101742351?
-101742355
In base 7, what is 15 + 5335164?
5335212
In base 13, what is -c7c9 + c33?
-b896
In base 5, what is -3 + -44444404?
-44444412
In base 12, what is 28b4 + 344ab?
371a3
In base 5, what is -411432002 + -1?
-411432003
In base 8, what is -1441774470 - -2?
-1441774466
In base 15, what is -29 - 4e145?
-4e16e
In base 15, what is -9 + -119b47b?
-119b485
In base 5, what is 211104120 + 2412?
211112032
In base 2, what is 111111110110 - 10111010110010011?
-10110010110011101
In base 11, what is -2 + 12860573?
12860571
In base 5, what is 21 + -40343002?
-40342431
In base 9, what is -20533271 + -2?
-20533273
In base 7, what is -5440 + 154203?
145433
In base 8, what is -437012 + -104?
-437116
In base 11, what is -2 - -910520?
910519
In base 4, what is 1222302330233 + -22?
1222302330211
In base 13, what is b43356 + 1b?
b43374
In base 16, what is -a - -1b7ec5?
1b7ebb
In base 9, what is -45413045 + 7?
-45413037
In base 2, what is -100 - 1000001101001010001101101?
-1000001101001010001110001
In base 2, what is -111111011001110101010011011 - 101?
-111111011001110101010100000
In base 11, what is 76270 - 130?
76140
In base 15, what is 94 + -33be?
-332a
In base 7, what is -12633161 - -141?
-12633020
In base 16, what is -21 - 61299?
-612ba
In base 12, what is -152160 + 127?
-152035
In base 14, what is -14714c - 63?
-1471b1
In base 2, what is -1010100110 + -10110111011111?
-11000010000101
In base 6, what is 1233 - 54133213?
-54131540
In base 2, what is -10110101001110001000011100 + -11?
-10110101001110001000011111
In base 8, what is 115111 + 142?
115253
In base 12, what is -57797 + -24?
-577bb
In base 13, what is -121 - -a46764?
a46643
In base 5, what is 43431340031 + -2?
43431340024
In base 6, what is -3 - 10401251?
-10401254
In base 13, what is 2 - -c2c39?
c2c3b
In base 6, what is 212552 - -1223?
214215
In base 16, what is -175191b1 + 3?
-175191ae
In base 9, what is -108542818 - 7?
-108542826
In base 6, what is 2001330 + -141?
2001145
In base 6, what is -214 - -221323?
221105
In base 16, what is 3b8 + -875b?
-83a3
In base 4, what is 2132320201322 - -10?
2132320201332
In base 5, what is 1421313103424 + 2?
1421313103431
In base 6, what is 443215023 + 30?
443215053
In base 15, what is 10b6e14 - -5?
10b6e19
In base 2, what is -10011001011100001100010101 + -100100?
-10011001011100001100111001
In base 9, what is -622830 + 5?
-622824
In base 7, what is 26522031 - 430?
26521301
In base 16, what is 5 - -206f9?
206fe
In base 6, what is 10 - 441042053?
-441042043
In base 6, what is -5 + 53224330?
53224321
In base 15, what is 1c - -2b6dc?
2b709
In base 6, what is -1 - 351152540?
-351152541
In base 12, what is -126b277 + 89?
-126b1aa
In base 4, what is 1123132 + 101330?
1231122
In base 16, what is 2 - 33678?
-33676
In base 13, what is 306ccb + -9?
306cc2
In base 5, what is 112302231411 + -10?
112302231401
In base 4, what is 11121 - -11011122?
11022303
In base 7, what is -3 + -5553662162?
-5553662165
In base 15, what is 2db378 - -25?
2db39d
In base 14, what is -6daa5 + -8?
-6daad
In base 16, what is -ad + 730b5?
73008
In base 7, what is 15 - 321004625?
-321004610
In base 14, what is 6d9 + 4d206?
4d901
In base 11, what is 117 - -1076616?
1076732
In base 4, what is 202 - 30022200?
-30021332
In base 3, what is 21012221012120 - -21?
21012221012211
In base 15, what is 12 + 25abb27?
25abb39
In base 16, what is a5 + 14692?
14737
In base 2, what is -11111111110011111001010010 + 111?
-11111111110011111001001011
In base 15, what is 1603b12 - 4?
1603b0d
In base 12, what is -27790a0 + 18?
-2779084
In base 2, 